e n(p).
-18
Let a(i) = i**2 + 1. Let u(m) = -m**3 - 2*m**2 - m - 4. Let o be u(-3). Suppose -q = -5*q + o. Calculate a(q).
5
Let p(w) = -2*w - 6. Suppose 141 = 5*l + 3*j - 45, 0 = -4*l - 5*j + 141. Let o be l/(-9) - 4/6. Determine p(o).
4
Suppose w = -2*v + 2*w + 9, 3*v - 24 = -2*w. Let l(i) = -i + 5. What is l(v)?
-1
Let b(p) be the first derivative of -2*p**2 + 3*p - 1. Suppose 2*t - t - 4*v + 2 = 0, 4*t - 13 = -5*v. Determine b(t).
-5
Let d(n) = n**3 - 5*n**2 + 4*n - 3. Let w be (-62)/(-22) + 2/11. Suppose 2*a - w*a + 5 = 0. Let b(h) = 2*h - 6. Let s be b(a). Determine d(s).
-3
Let o be (-2 + -1)*(-10)/30. Let c(s) = -s**3 - 1. Let r be c(0). Let y(g) = g**2 - g + 1. Let u(p) = 2*p**2 - p - 1. Let j(b) = o*y(b) + r*u(b). What is j(2)?
-2
Suppose 2*x = -4*c - 20, 4*x - 5 + 21 = 0. Let q(i) = -4*i - 3. Calculate q(c).
9
Let s be (-5)/2 - (-1)/2. Let r be (-6)/9 - (-51)/9. Let a(f) = 6*f + 1 + 2 - 5 + r. Determine a(s).
-9
Let r(j) = -2*j**2 + 12*j - 4. Let n(w) = -w**2 + 6*w - 2. Let a(o) = 5*n(o) - 2*r(o). Give a(4).
6
Let p(k) = 0*k**3 + 6 - 1 + 5*k**2 - 2*k**3 + k**3. Let x(y) = y**3 - y**2 + y + 5. Let w be x(0). Determine p(w).
5
Let i be (60/(-25))/(6/(-20)). Let w(r) = -r - i - 4 + 3. Give w(-6).
-3
Let t(k) = 10*k**2 + 3*k + 4. Let d(h) = -h**2 - h - 1. Let g(n) = 3*d(n) + t(n). Give g(1).
8
Let c be (-1 + 1)/(6 - 4). Let s(g) = 4 + c*g**2 + 0 + 6*g**2 - g**3. Determine s(6).
4
Let p = -41 + 59. Suppose 0 = 4*f + 6 - p. Suppose -v - f*h + 13 = 0, 0*v + 9 = -2*v + h. Let s(k) = 2*k**3 + 2*k**2 + 1. Calculate s(v).
-7
Let p(c) = c - 1. Let i(y) = -y**2 + 5*y - 4. Let m(a) = i(a) - 5*p(a). Determine m(0).
1
Suppose 0 = -4*o, 3 = h - 2*o - o. Let t = h - 1. Let d(y) = t + 3*y - 11*y - 2 - 1. What is d(1)?
-9
Let d(i) be the second derivative of -1/60*i**5 + i - 7/6*i**3 - 1/2*i**2 + 0 + 5/24*i**4. Let o(t) be the first derivative of d(t). What is o(5)?
-7
Let z(m) = -m**3 - 3*m**2 + 2*m - 5. Let r = 8 - 12. Let o be z(r). Suppose 0 = -5*f - o*p + 18, f - 6*f - 5*p + 10 = 0. Let b(a) = a. Determine b(f).
6
Let a(r) = -r**3 - 4*r**2 - 4*r - 4. Let w be (2/(-4))/(1/6). Calculate a(w).
-1
Suppose -4*b - 4 = -8*b. Let o = b - -1. Let r(y) = 2*y + 0*y - y - y**o - 1. Calculate r(1).
-1
Let c(g) be the second derivative of -g**3/6 - 4*g**2 - 4*g. What is c(-7)?
-1
Let m(x) = x**2 - 1. Let p(d) = -d**3 - 5*d**2 - d + 3. Let l(v) = 6*m(v) + p(v). Determine l(0).
-3
Let m be (-18)/15 + 1/5. Let f(t) be the third derivative of -t**4/8 - t**3/6 + t**2. Determine f(m).
2
Suppose -4*n - 23 = -a, -4*a = -17 + 5. Let h(c) = -7 + 6*c + c**2 - 5 + 13. What is h(n)?
-4
Let t(r) = 3*r**2 + 2*r + 1. Let j be t(-1). Let f(o) = -2 - 37*o**2 + o - 37*o**2 + 76*o**2. What is f(j)?
8
Let z(l) = -4*l + 10*l + 4 + l**2 + 2. Let b = -15 + 9. Give z(b).
6
Let i(v) = -v**2 - 2 - 67*v**3 + 3 - 5*v + 7*v + 69*v**3. Give i(-2).
-23
Let a(n) = 2*n**2 - 7*n. Let q be a(5). Let g be 70/q + 3/9. Let u(o) = -o**3 + 4*o**2 + 3*o - 3. Determine u(g).
-13
Let o = -3 - -7. Suppose n + 4*n + 5 = 5*j, o = -4*j. Let c(d) = -d**2 - 2*d - 1. Give c(n).
-1
Let h(o) = -o**3 - o + 2. Let f = -2 + 2. Suppose 2*k - b - 5 = f, -k + b - 7 = -5*k. Determine h(k).
-8
Let d(o) be the third derivative of -o**4/24 - 73*o**2. Let n be (-1)/(-1) + (-3)/(-1). Suppose 0*q = n*q. Calculate d(q).
0
Let j(v) = v**3 + 3*v**2 + 3*v + 3. Let z be j(-2). Let d = z + 3. Let f(s) = -5*s + 2 + 0 + d*s. Calculate f(5).
-3
Let u be (-1 + 4)*4/6. Let p(q) be the first derivative of q**6/360 - q**5/120 + q**4/12 - q**3/3 + 1. Let n(x) be the third derivative of p(x). What is n(u)?
4
Let n(u) = 5*u + 3*u**3 - 4*u**3 - 10*u - 4*u**2 + 4*u. Calculate n(-3).
-6
Let b(a) = 4*a**2 + 6*a + 5. Let f(d) = -d**2 - 1. Let p(h) = -b(h) - 3*f(h). Let i be (-45)/12 - 2/8. Let u be p(i). Let j(c) = c**2 - 7*c + 1. What is j(u)?
-5
Let o(s) = 21*s. Let b be o(-1). Let j be b/7 - (-1 - 1). Let q(k) = 1 + 2*k**2 + 2*k**3 + k - k**2 + k**3. Give q(j).
-2
Let i(v) = 3*v - 1. Let z(o) = -4*o + 1. Let s be z(0). What is i(s)?
2
Let s(l) = -l. Let o be s(2). Let u(b) = 4*b - 1. Let z(t) = -8*t + 2. Let y(w) = -5*u(w) - 2*z(w). Determine y(o).
9
Let f(b) = b + 2. Suppose 10*x - 9*x = 6. Give f(x).
8
Let n(b) = 6*b**2 + 13*b + 1. Let x(u) = 5*u**2 + 11*u. Let a(g) = -3*n(g) + 4*x(g). Let h be ((-3)/1)/((-6)/(-8)). Give a(h).
9
Suppose 5*s + 5*d = 0, 0*d = -4*s - d + 6. Let k(a) = -3 - 2 - 6*a**2 + a**3 + 21*a**s - 10*a**2 - 2*a. Determine k(-5).
5
Let h(s) = 5 - s + 2 - 4. Give h(-4).
7
Let s(q) = -6*q**2 - q - 2. Let r(o) = o**2 - 1. Let a(m) = 5*r(m) + s(m). Give a(0).
-7
Let x(a) = -a**3 - 3*a**2 + a + 2. Suppose 27 = -5*c - 4*z, -5*c + 4*z = -4*c - 9. Let i be x(c). Let w(d) = -9*d**3 + d**2 + d. Calculate w(i).
9
Let p(u) = -u**2 + u - 3. Let o = 2 + 14. Let t = o - 16. What is p(t)?
-3
Let s(k) = -5*k**2 - 64 + 20 + 23 - 3*k - k**3 + 25. Calculate s(-3).
-5
Let f(c) be the third derivative of -13*c**6/120 - c**5/30 + c**4/12 - c**3/6 - 8*c**2. Give f(1).
-14
Let v(b) = -2*b - 2. Suppose -14 = -6*y + 10. What is v(y)?
-10
Let b(u) be the second derivative of -u - 2*u**2 + 0 + 1/2*u**3 + 1/12*u**4. Let w = -33 + 28. What is b(w)?
6
Let o(w) = w**3 + 0*w + 0 + 1 + w + 3*w**2. Suppose 3*l + 3*c = -6, 5*l - l + 9 = -3*c. Give o(l).
-2
Let j(w) = 3*w + 3. Let c(b) = 2*b**2 - 20*b - 4. Let k be c(10). Calculate j(k).
-9
Suppose 3*f + 3*w - 6 = -0, -4*w = 0. Suppose -3*l = -4*j + 19, j = -2*l - 11 + f. Let h(u) = -2*u - 4. Calculate h(l).
6
Let p(j) be the second derivative of -j**4/12 + j**3 - 4*j. Determine p(6).
0
Suppose 2*o = -4*n - 6, o - n - 3*n - 3 = 0. Let j(d) = 2*d + 1. Calculate j(o).
-1
Let k(y) = 0*y**3 + 7*y**2 + y + 2 + y**3 + 6*y. Let l = -15 + 31. Suppose -5 = 4*b + 5*f + 24, -2*b - 4*f = l. Give k(b).
-4
Let g(k) = k**3 - k**2 - 4*k. Suppose 8 - 5 = p. What is g(p)?
6
Let d(i) = 8*i + 1. Let u = -7 + 6. What is d(u)?
-7
Let w = 11 + -16. Let d(q) = q**3 + 5*q**2 - q - 7. What is d(w)?
-2
Let g = 11 - 8. Suppose -49 = -g*w - 13. Suppose -4*a - 4 - 8 = m, -4*a - 3*m - w = 0. Let o(x) = x**2 + 2*x - 3. Determine o(a).
0
Let s(q) = 3*q**2 + q - 1. Let v(f) = -f**2 - 2*f - 4. Let u be v(-3). Let m be (-1 + 1 + u)*-1. Suppose -g - m = 4*b - 0, -4*g - 2*b = 0. What is s(g)?
3
Let z(l) = l**3 + 6*l**2 + 6*l. Suppose -w = -3*w. Suppose 2*y + 4*y + 30 = w. Determine z(y).
-5
Let z(k) be the second derivative of -k**3/6 - 11*k**2/2 + 4*k. Let d(r) = -r**2 + 4*r. Let q be d(4). What is z(q)?
-11
Let j(n) be the first derivative of -n**3/3 + 5*n**2/2 - 3*n + 11. What is j(3)?
3
Let j(t) = t**3 + t**2 - t - 2. Suppose 0 = 3*i - 3*i + 3*i. What is j(i)?
-2
Let f(w) = w**2 + w. Let s be f(-2). Suppose 3*o - 4*p + 21 = 0, p - s*p = o. Let a(m) = m**2 + 4*m + 4. Give a(o).
1
Let x(w) be the second derivative of w**5/20 + w**4/12 + 3*w**2/2 - w. Suppose 0 = 3*l - 5*p + 20, -7 - 1 = -l - 2*p. Calculate x(l).
3
Let y(v) = -v**2 + 2*v - 1. Let d be y(3). Let c be d/(-10) - (-4)/(-10). Let p(a) be the second derivative of -a**4/12 - a**3/6 - a**2 - 8*a. What is p(c)?
-2
Suppose -4 = -4*l + 4*q, 2*l - q = -5*q - 16. Let k(p) = -5*p**2 - 4*p - 2. Calculate k(l).
-14
Let c be (3 + -3)/3*1. Let v(o) = -o**3 - o - 12. Let i be v(c). Let t = 7 + i. Let h(j) = j + 5. Determine h(t).
0
Let l(r) = 12*r - 3. Let b(x) = 4*x - 1. Let f(s) = -17*b(s) + 6*l(s). Let n = -2 - -3. Determine f(n).
3
Let q(w) = -w**2 - 6*w + 2. Let s(a) = 2*a**2 + 13*a - 4. Let u(k) = -9*q(k) - 4*s(k). What is u(-3)?
1
Let c(j) be the third derivative of -1/24*j**4 + 7/6*j**3 + 3*j**2 + 0*j + 0. Determine c(0).
7
Let q(s) be the third derivative of s**6/60 - s**5/120 - 5*s**4/24 - 7*s**2. Let v(x) be the second derivative of q(x). What is v(1)?
11
Let i(a) be the second derivative of -a**4/6 + 5*a**3/6 + a**2/2 + 14*a. Give i(4).
-11
Let v(d) = -2 + 55*d**2 + 3 + d - 57*d**2. Give v(2).
-5
Let x(l) be the first derivative of -l**4/4 + 2*l**3 - 5*l**2/2 + 2*l + 2. Let z(p) = -3*p - 4. Suppose s - 4*s = 9. Let h be z(s). What is x(h)?
2
Let k(n) = -n**2 - 3*n - 2. Let j(d) = d**2 + 3*d + 2. Let a(i) = -4*j(i) - 3*k(i). Calculate a(-2).
0
Let w(n) be the second derivative of -n**6/120 + n**5/15 + n**4/24 + n**3/3 - 3*n**2/2 + 2*n. Let i(t) be the first derivative of w(t). What i